{"id":16,"date":"2019-02-16T11:28:37","date_gmt":"2019-02-16T11:28:37","guid":{"rendered":"http:\/\/psychotherapie-grewenig.de\/?page_id=16"},"modified":"2025-12-23T12:28:32","modified_gmt":"2025-12-23T12:28:32","slug":"impressum","status":"publish","type":"page","link":"http:\/\/psychotherapie-grewenig.de\/?page_id=16","title":{"rendered":"Impressum"},"content":{"rendered":"\n<p><strong>Name und Anschrift:<\/strong> Sandra Grewenig, Kirrberger Stra\u00dfe 32, 66424 Homburg\/Saar<\/p>\n\n\n\n<p><strong>Telefon:<\/strong> 0174 3563896<\/p>\n\n\n\n<p><strong>E-Mail:<\/strong> pp-sgrewenig@gmx.de<\/p>\n\n\n\n<p><strong>web-Adresse:<\/strong> http:\/\/psychotherapie-grewenig.de<\/p>\n\n\n\n<p><strong>Steuernr.:<\/strong>075\/246\/07950<\/p>\n\n\n\n<p><strong>Datenschutzbeauftragte:<\/strong> Landesbeauftragte f\u00fcr Datenschutz und Informationsfreiheit, Telefon: 0681 947810<\/p>\n\n\n\n<p><strong>Zust\u00e4ndige Kammer:<\/strong> Psychotherapeutenkammer des Saarlandes, Scheidter Str. 124, 66123 Saarbr\u00fccken, Telefon: 0681 9545556, Fax: 0681 9545558, E-Mail: kontakt@ptk-saar.de<\/p>\n\n\n\n<p><strong>Gesetzliche Brufsbezeichung:<\/strong> Psychologische Psychotherapeutin <br><\/p>\n\n\n\n<p><strong>Arztregister-Nr.: <\/strong>PT 73-50-475 (bei der KV Saarbr\u00fccken)<\/p>\n\n\n\n<p><strong>Inhaltliche Verantwortung:<\/strong> Sandra Grewenig<\/p>\n","protected":false},"excerpt":{"rendered":"<p>Name und Anschrift: Sandra Grewenig, Kirrberger Stra\u00dfe 32, 66424 Homburg\/Saar Telefon: 0174 3563896 E-Mail: pp-sgrewenig@gmx.de web-Adresse: http:\/\/psychotherapie-grewenig.de Steuernr.:075\/246\/07950 Datenschutzbeauftragte: Landesbeauftragte f\u00fcr Datenschutz und Informationsfreiheit, Telefon: 0681 947810 Zust\u00e4ndige Kammer: Psychotherapeutenkammer des Saarlandes, Scheidter Str. 124, 66123 Saarbr\u00fccken, Telefon: 0681 9545556, Fax: 0681 9545558, E-Mail: kontakt@ptk-saar.de Gesetzliche Brufsbezeichung: Psychologische Psychotherapeutin Arztregister-Nr.: PT 73-50-475 (bei der KV &hellip; <\/p>\n<p class=\"link-more\"><a href=\"http:\/\/psychotherapie-grewenig.de\/?page_id=16\" class=\"more-link\"><span class=\"screen-reader-text\">\u201eImpressum\u201c<\/span> weiterlesen<\/a><\/p>\n","protected":false},"author":1,"featured_media":0,"parent":0,"menu_order":0,"comment_status":"closed","ping_status":"closed","template":"","meta":{"footnotes":""},"class_list":["post-16","page","type-page","status-publish","hentry"],"_links":{"self":[{"href":"http:\/\/psychotherapie-grewenig.de\/index.php?rest_route=\/wp\/v2\/pages\/16","targetHints":{"allow":["GET"]}}],"collection":[{"href":"http:\/\/psychotherapie-grewenig.de\/index.php?rest_route=\/wp\/v2\/pages"}],"about":[{"href":"http:\/\/psychotherapie-grewenig.de\/index.php?rest_route=\/wp\/v2\/types\/page"}],"author":[{"embeddable":true,"href":"http:\/\/psychotherapie-grewenig.de\/index.php?rest_route=\/wp\/v2\/users\/1"}],"replies":[{"embeddable":true,"href":"http:\/\/psychotherapie-grewenig.de\/index.php?rest_route=%2Fwp%2Fv2%2Fcomments&post=16"}],"version-history":[{"count":6,"href":"http:\/\/psychotherapie-grewenig.de\/index.php?rest_route=\/wp\/v2\/pages\/16\/revisions"}],"predecessor-version":[{"id":509,"href":"http:\/\/psychotherapie-grewenig.de\/index.php?rest_route=\/wp\/v2\/pages\/16\/revisions\/509"}],"wp:attachment":[{"href":"http:\/\/psychotherapie-grewenig.de\/index.php?rest_route=%2Fwp%2Fv2%2Fmedia&parent=16"}],"curies":[{"name":"wp","href":"https:\/\/api.w.org\/{rel}","templated":true}]}}